{"id":17,"date":"2023-01-02T15:50:16","date_gmt":"2023-01-02T15:50:16","guid":{"rendered":"http:\/\/wpxizpd.cluster051.hosting.ovh.net\/?page_id=17"},"modified":"2025-07-03T04:52:30","modified_gmt":"2025-07-03T04:52:30","slug":"about-us","status":"publish","type":"page","link":"https:\/\/paricifrenchtranslation.com.au\/index.php\/about-us\/","title":{"rendered":"About us &#8211; \u00c0 propos"},"content":{"rendered":"\t\t<div data-elementor-type=\"wp-page\" data-elementor-id=\"17\" class=\"elementor elementor-17\">\n\t\t\t\t\t\t<section class=\"elementor-section elementor-top-section elementor-element elementor-element-e5690d5 elementor-section-boxed elementor-section-height-default elementor-section-height-default\" data-id=\"e5690d5\" data-element_type=\"section\" data-e-type=\"section\">\n\t\t\t\t\t\t<div class=\"elementor-container elementor-column-gap-default\">\n\t\t\t\t\t<div class=\"elementor-column elementor-col-100 elementor-top-column elementor-element elementor-element-419fff4\" data-id=\"419fff4\" data-element_type=\"column\" data-e-type=\"column\">\n\t\t\t<div class=\"elementor-widget-wrap elementor-element-populated\">\n\t\t\t\t\t\t<div class=\"elementor-element elementor-element-3e651d2 elementor-widget elementor-widget-text-editor\" data-id=\"3e651d2\" data-element_type=\"widget\" data-e-type=\"widget\" data-widget_type=\"text-editor.default\">\n\t\t\t\t<div class=\"elementor-widget-container\">\n\t\t\t\t\t\t\t\t\t<p>Par Ici French Translation is based on the beautiful Gold Coast, we speak English and French fluently and we can communicate in your preferred language.\u00a0<\/p><p><i>Par Ici French Translation\u00a0est bas\u00e9 sur la Gold Coast, nous parlons couramment anglais et fran\u00e7ais et nous pouvons communiquer dans la langue de votre choix.<\/i><\/p>\t\t\t\t\t\t\t\t<\/div>\n\t\t\t\t<\/div>\n\t\t\t\t\t<\/div>\n\t\t<\/div>\n\t\t\t\t\t<\/div>\n\t\t<\/section>\n\t\t\t\t<section class=\"elementor-section elementor-top-section elementor-element elementor-element-5124ace elementor-section-boxed elementor-section-height-default elementor-section-height-default\" data-id=\"5124ace\" data-element_type=\"section\" data-e-type=\"section\">\n\t\t\t\t\t\t<div class=\"elementor-container elementor-column-gap-default\">\n\t\t\t\t\t<div class=\"elementor-column elementor-col-50 elementor-top-column elementor-element elementor-element-f6d6673\" data-id=\"f6d6673\" data-element_type=\"column\" data-e-type=\"column\">\n\t\t\t<div class=\"elementor-widget-wrap elementor-element-populated\">\n\t\t\t\t\t\t<div class=\"elementor-element elementor-element-c5c6f1a elementor-widget elementor-widget-heading\" data-id=\"c5c6f1a\" data-element_type=\"widget\" data-e-type=\"widget\" data-widget_type=\"heading.default\">\n\t\t\t\t<div class=\"elementor-widget-container\">\n\t\t\t\t\t<h2 class=\"elementor-heading-title elementor-size-default\">Customer focused<br><i>Les clients d'abord<\/i><\/h2>\t\t\t\t<\/div>\n\t\t\t\t<\/div>\n\t\t\t\t\t<\/div>\n\t\t<\/div>\n\t\t\t\t<div class=\"elementor-column elementor-col-50 elementor-top-column elementor-element elementor-element-cdd4a2c\" data-id=\"cdd4a2c\" data-element_type=\"column\" data-e-type=\"column\">\n\t\t\t<div class=\"elementor-widget-wrap elementor-element-populated\">\n\t\t\t\t\t\t<div class=\"elementor-element elementor-element-36b9c67 elementor-widget elementor-widget-text-editor\" data-id=\"36b9c67\" data-element_type=\"widget\" data-e-type=\"widget\" data-widget_type=\"text-editor.default\">\n\t\t\t\t<div class=\"elementor-widget-container\">\n\t\t\t\t\t\t\t\t\t<p>\u00a0<\/p><p>Customers are at the center of everything we do, and we ensure quick and seamless communication. Keep the stress away when you are applying for a visa thanks to our translators, always here to help!<\/p><p>N<i>os clients sont au centre de notre activit\u00e9\u00a0et nous favorisons la communication pour \u00e9viter tout stress li\u00e9 aux demandes de visas lors de l&#8217;arriv\u00e9e dans un pays \u00e9tranger.<\/i><\/p>\t\t\t\t\t\t\t\t<\/div>\n\t\t\t\t<\/div>\n\t\t\t\t\t<\/div>\n\t\t<\/div>\n\t\t\t\t\t<\/div>\n\t\t<\/section>\n\t\t\t\t<section class=\"elementor-section elementor-top-section elementor-element elementor-element-acc6ce2 elementor-section-boxed elementor-section-height-default elementor-section-height-default\" data-id=\"acc6ce2\" data-element_type=\"section\" data-e-type=\"section\">\n\t\t\t\t\t\t<div class=\"elementor-container elementor-column-gap-default\">\n\t\t\t\t\t<div class=\"elementor-column elementor-col-50 elementor-top-column elementor-element elementor-element-2f094bd\" data-id=\"2f094bd\" data-element_type=\"column\" data-e-type=\"column\">\n\t\t\t<div class=\"elementor-widget-wrap elementor-element-populated\">\n\t\t\t\t\t\t<div class=\"elementor-element elementor-element-db6486a elementor-widget elementor-widget-heading\" data-id=\"db6486a\" data-element_type=\"widget\" data-e-type=\"widget\" data-widget_type=\"heading.default\">\n\t\t\t\t<div class=\"elementor-widget-container\">\n\t\t\t\t\t<h2 class=\"elementor-heading-title elementor-size-default\">Expertise<br><i>Une \u00e9quipe d'experts<\/i><\/h2>\t\t\t\t<\/div>\n\t\t\t\t<\/div>\n\t\t\t\t\t<\/div>\n\t\t<\/div>\n\t\t\t\t<div class=\"elementor-column elementor-col-50 elementor-top-column elementor-element elementor-element-b3e89d2\" data-id=\"b3e89d2\" data-element_type=\"column\" data-e-type=\"column\">\n\t\t\t<div class=\"elementor-widget-wrap elementor-element-populated\">\n\t\t\t\t\t\t<div class=\"elementor-element elementor-element-8075c43 elementor-widget elementor-widget-text-editor\" data-id=\"8075c43\" data-element_type=\"widget\" data-e-type=\"widget\" data-widget_type=\"text-editor.default\">\n\t\t\t\t<div class=\"elementor-widget-container\">\n\t\t\t\t\t\t\t\t\t<p><\/p>\n<p>Our team has lived in France and Australia, worked in both countries and in UK for several international companies, in the education sector and for local businesses. Our translation are culturally relevant and accurate, from French to English and English to French. They are always culturally relevant and idiomatic. So no one get lost in translation!<\/p>\n<p><i>Notre \u00e9quipe partage son temps entre la France etl&#8217;Australie, a travaill\u00e9 dans les deux pays ainsi qu&#8217;au Royaume-Uni pour plusieurs entreprises internationales, dans le secteur de l&#8217;\u00e9ducation et pour des entreprises locales. Nos traductions sont toujours ancr\u00e9es dans la culture et la soci\u00e9t\u00e9 et idiomatiques.<\/i><\/p>\t\t\t\t\t\t\t\t<\/div>\n\t\t\t\t<\/div>\n\t\t\t\t\t<\/div>\n\t\t<\/div>\n\t\t\t\t\t<\/div>\n\t\t<\/section>\n\t\t\t\t<section class=\"elementor-section elementor-top-section elementor-element elementor-element-a7233e9 elementor-section-boxed elementor-section-height-default elementor-section-height-default\" data-id=\"a7233e9\" data-element_type=\"section\" data-e-type=\"section\">\n\t\t\t\t\t\t<div class=\"elementor-container elementor-column-gap-default\">\n\t\t\t\t\t<div class=\"elementor-column elementor-col-50 elementor-top-column elementor-element elementor-element-0753b43\" data-id=\"0753b43\" data-element_type=\"column\" data-e-type=\"column\">\n\t\t\t<div class=\"elementor-widget-wrap elementor-element-populated\">\n\t\t\t\t\t\t<div class=\"elementor-element elementor-element-80a80cf elementor-widget elementor-widget-heading\" data-id=\"80a80cf\" data-element_type=\"widget\" data-e-type=\"widget\" data-widget_type=\"heading.default\">\n\t\t\t\t<div class=\"elementor-widget-container\">\n\t\t\t\t\t<h2 class=\"elementor-heading-title elementor-size-default\">Fast delivery<br><i>D\u00e9lais courts<\/i><\/h2>\t\t\t\t<\/div>\n\t\t\t\t<\/div>\n\t\t\t\t\t<\/div>\n\t\t<\/div>\n\t\t\t\t<div class=\"elementor-column elementor-col-50 elementor-top-column elementor-element elementor-element-fad0b59\" data-id=\"fad0b59\" data-element_type=\"column\" data-e-type=\"column\">\n\t\t\t<div class=\"elementor-widget-wrap elementor-element-populated\">\n\t\t\t\t\t\t<div class=\"elementor-element elementor-element-0146bca elementor-widget elementor-widget-text-editor\" data-id=\"0146bca\" data-element_type=\"widget\" data-e-type=\"widget\" data-widget_type=\"text-editor.default\">\n\t\t\t\t<div class=\"elementor-widget-container\">\n\t\t\t\t\t\t\t\t\t<p>\u00a0<\/p><p>Whether it is when applying for a visa, preparing a legal document, publishing a software update, some documents can be urgent, that\u2019s why we provide fast delivery.<\/p><p><i>Que ce soit pour une demande de visa, un document l\u00e9gal,\u00a0 une mise \u00e0 jour logicielle, certains documents peuvent \u00eatre urgents, c&#8217;est pourquoi nous assurons une livraison rapide et des d\u00e9lais courts, sans compromettre la qualit\u00e9 des traductions! Rapidit\u00e9 et efficacit\u00e9!<\/i><\/p>\t\t\t\t\t\t\t\t<\/div>\n\t\t\t\t<\/div>\n\t\t\t\t\t<\/div>\n\t\t<\/div>\n\t\t\t\t\t<\/div>\n\t\t<\/section>\n\t\t\t\t<\/div>\n\t\t","protected":false},"excerpt":{"rendered":"<p>Par Ici French Translation is based on the beautiful Gold Coast, we speak English and French fluently and we can communicate in your preferred language.\u00a0 Par Ici French Translation\u00a0est bas\u00e9 sur la Gold Coast, nous parlons couramment anglais et fran\u00e7ais et nous pouvons communiquer dans la langue de votre choix. Customer focusedLes clients d&#8217;abord \u00a0 &hellip; <\/p>\n<p class=\"link-more\"><a href=\"https:\/\/paricifrenchtranslation.com.au\/index.php\/about-us\/\" class=\"more-link\">Read more<span class=\"screen-reader-text\"> &#8220;About us &#8211; \u00c0 propos&#8221;<\/span><\/a><\/p>\n","protected":false},"author":2,"featured_media":0,"parent":0,"menu_order":1,"comment_status":"closed","ping_status":"closed","template":"","meta":{"inspiro_hide_title":false,"footnotes":""},"class_list":["post-17","page","type-page","status-publish","hentry"],"yoast_head":"<!-- This site is optimized with the Yoast SEO plugin v27.3 - https:\/\/yoast.com\/product\/yoast-seo-wordpress\/ -->\n<title>About us - \u00c0 propos - Par ici French translation<\/title>\n<meta name=\"robots\" content=\"index, follow, max-snippet:-1, max-image-preview:large, max-video-preview:-1\" \/>\n<link rel=\"canonical\" href=\"https:\/\/paricifrenchtranslation.com.au\/index.php\/about-us\/\" \/>\n<meta property=\"og:locale\" content=\"en_GB\" \/>\n<meta property=\"og:type\" content=\"article\" \/>\n<meta property=\"og:title\" content=\"About us - \u00c0 propos - Par ici French translation\" \/>\n<meta property=\"og:description\" content=\"Par Ici French Translation is based on the beautiful Gold Coast, we speak English and French fluently and we can communicate in your preferred language.\u00a0 Par Ici French Translation\u00a0est bas\u00e9 sur la Gold Coast, nous parlons couramment anglais et fran\u00e7ais et nous pouvons communiquer dans la langue de votre choix. Customer focusedLes clients d&#8217;abord \u00a0 &hellip; Read more &quot;About us &#8211; \u00c0 propos&quot;\" \/>\n<meta property=\"og:url\" content=\"https:\/\/paricifrenchtranslation.com.au\/index.php\/about-us\/\" \/>\n<meta property=\"og:site_name\" content=\"Par ici French translation\" \/>\n<meta property=\"article:modified_time\" content=\"2025-07-03T04:52:30+00:00\" \/>\n<meta name=\"twitter:card\" content=\"summary_large_image\" \/>\n<meta name=\"twitter:label1\" content=\"Estimated reading time\" \/>\n\t<meta name=\"twitter:data1\" content=\"2 minutes\" \/>\n<script type=\"application\/ld+json\" class=\"yoast-schema-graph\">{\"@context\":\"https:\\\/\\\/schema.org\",\"@graph\":[{\"@type\":\"WebPage\",\"@id\":\"https:\\\/\\\/paricifrenchtranslation.com.au\\\/index.php\\\/about-us\\\/\",\"url\":\"https:\\\/\\\/paricifrenchtranslation.com.au\\\/index.php\\\/about-us\\\/\",\"name\":\"About us - \u00c0 propos - Par ici French translation\",\"isPartOf\":{\"@id\":\"https:\\\/\\\/paricifrenchtranslation.com.au\\\/#website\"},\"datePublished\":\"2023-01-02T15:50:16+00:00\",\"dateModified\":\"2025-07-03T04:52:30+00:00\",\"breadcrumb\":{\"@id\":\"https:\\\/\\\/paricifrenchtranslation.com.au\\\/index.php\\\/about-us\\\/#breadcrumb\"},\"inLanguage\":\"en-GB\",\"potentialAction\":[{\"@type\":\"ReadAction\",\"target\":[\"https:\\\/\\\/paricifrenchtranslation.com.au\\\/index.php\\\/about-us\\\/\"]}]},{\"@type\":\"BreadcrumbList\",\"@id\":\"https:\\\/\\\/paricifrenchtranslation.com.au\\\/index.php\\\/about-us\\\/#breadcrumb\",\"itemListElement\":[{\"@type\":\"ListItem\",\"position\":1,\"name\":\"Home\",\"item\":\"https:\\\/\\\/paricifrenchtranslation.com.au\\\/\"},{\"@type\":\"ListItem\",\"position\":2,\"name\":\"About us &#8211; \u00c0 propos\"}]},{\"@type\":\"WebSite\",\"@id\":\"https:\\\/\\\/paricifrenchtranslation.com.au\\\/#website\",\"url\":\"https:\\\/\\\/paricifrenchtranslation.com.au\\\/\",\"name\":\"Par ici French translation\",\"description\":\"NAATI certified - Official translation French to English and English to French\",\"publisher\":{\"@id\":\"https:\\\/\\\/paricifrenchtranslation.com.au\\\/#organization\"},\"potentialAction\":[{\"@type\":\"SearchAction\",\"target\":{\"@type\":\"EntryPoint\",\"urlTemplate\":\"https:\\\/\\\/paricifrenchtranslation.com.au\\\/?s={search_term_string}\"},\"query-input\":{\"@type\":\"PropertyValueSpecification\",\"valueRequired\":true,\"valueName\":\"search_term_string\"}}],\"inLanguage\":\"en-GB\"},{\"@type\":\"Organization\",\"@id\":\"https:\\\/\\\/paricifrenchtranslation.com.au\\\/#organization\",\"name\":\"Par ici French translation\",\"alternateName\":\"paricifrenchtranslation\",\"url\":\"https:\\\/\\\/paricifrenchtranslation.com.au\\\/\",\"logo\":{\"@type\":\"ImageObject\",\"inLanguage\":\"en-GB\",\"@id\":\"https:\\\/\\\/paricifrenchtranslation.com.au\\\/#\\\/schema\\\/logo\\\/image\\\/\",\"url\":\"https:\\\/\\\/paricifrenchtranslation.com.au\\\/wp-content\\\/uploads\\\/2023\\\/01\\\/NAATI-Prac-Logo-Translator_2-e1674361234771.png\",\"contentUrl\":\"https:\\\/\\\/paricifrenchtranslation.com.au\\\/wp-content\\\/uploads\\\/2023\\\/01\\\/NAATI-Prac-Logo-Translator_2-e1674361234771.png\",\"width\":350,\"height\":137,\"caption\":\"Par ici French translation\"},\"image\":{\"@id\":\"https:\\\/\\\/paricifrenchtranslation.com.au\\\/#\\\/schema\\\/logo\\\/image\\\/\"}}]}<\/script>\n<!-- \/ Yoast SEO plugin. -->","yoast_head_json":{"title":"About us - \u00c0 propos - Par ici French translation","robots":{"index":"index","follow":"follow","max-snippet":"max-snippet:-1","max-image-preview":"max-image-preview:large","max-video-preview":"max-video-preview:-1"},"canonical":"https:\/\/paricifrenchtranslation.com.au\/index.php\/about-us\/","og_locale":"en_GB","og_type":"article","og_title":"About us - \u00c0 propos - Par ici French translation","og_description":"Par Ici French Translation is based on the beautiful Gold Coast, we speak English and French fluently and we can communicate in your preferred language.\u00a0 Par Ici French Translation\u00a0est bas\u00e9 sur la Gold Coast, nous parlons couramment anglais et fran\u00e7ais et nous pouvons communiquer dans la langue de votre choix. Customer focusedLes clients d&#8217;abord \u00a0 &hellip; Read more \"About us &#8211; \u00c0 propos\"","og_url":"https:\/\/paricifrenchtranslation.com.au\/index.php\/about-us\/","og_site_name":"Par ici French translation","article_modified_time":"2025-07-03T04:52:30+00:00","twitter_card":"summary_large_image","twitter_misc":{"Estimated reading time":"2 minutes"},"schema":{"@context":"https:\/\/schema.org","@graph":[{"@type":"WebPage","@id":"https:\/\/paricifrenchtranslation.com.au\/index.php\/about-us\/","url":"https:\/\/paricifrenchtranslation.com.au\/index.php\/about-us\/","name":"About us - \u00c0 propos - Par ici French translation","isPartOf":{"@id":"https:\/\/paricifrenchtranslation.com.au\/#website"},"datePublished":"2023-01-02T15:50:16+00:00","dateModified":"2025-07-03T04:52:30+00:00","breadcrumb":{"@id":"https:\/\/paricifrenchtranslation.com.au\/index.php\/about-us\/#breadcrumb"},"inLanguage":"en-GB","potentialAction":[{"@type":"ReadAction","target":["https:\/\/paricifrenchtranslation.com.au\/index.php\/about-us\/"]}]},{"@type":"BreadcrumbList","@id":"https:\/\/paricifrenchtranslation.com.au\/index.php\/about-us\/#breadcrumb","itemListElement":[{"@type":"ListItem","position":1,"name":"Home","item":"https:\/\/paricifrenchtranslation.com.au\/"},{"@type":"ListItem","position":2,"name":"About us &#8211; \u00c0 propos"}]},{"@type":"WebSite","@id":"https:\/\/paricifrenchtranslation.com.au\/#website","url":"https:\/\/paricifrenchtranslation.com.au\/","name":"Par ici French translation","description":"NAATI certified - Official translation French to English and English to French","publisher":{"@id":"https:\/\/paricifrenchtranslation.com.au\/#organization"},"potentialAction":[{"@type":"SearchAction","target":{"@type":"EntryPoint","urlTemplate":"https:\/\/paricifrenchtranslation.com.au\/?s={search_term_string}"},"query-input":{"@type":"PropertyValueSpecification","valueRequired":true,"valueName":"search_term_string"}}],"inLanguage":"en-GB"},{"@type":"Organization","@id":"https:\/\/paricifrenchtranslation.com.au\/#organization","name":"Par ici French translation","alternateName":"paricifrenchtranslation","url":"https:\/\/paricifrenchtranslation.com.au\/","logo":{"@type":"ImageObject","inLanguage":"en-GB","@id":"https:\/\/paricifrenchtranslation.com.au\/#\/schema\/logo\/image\/","url":"https:\/\/paricifrenchtranslation.com.au\/wp-content\/uploads\/2023\/01\/NAATI-Prac-Logo-Translator_2-e1674361234771.png","contentUrl":"https:\/\/paricifrenchtranslation.com.au\/wp-content\/uploads\/2023\/01\/NAATI-Prac-Logo-Translator_2-e1674361234771.png","width":350,"height":137,"caption":"Par ici French translation"},"image":{"@id":"https:\/\/paricifrenchtranslation.com.au\/#\/schema\/logo\/image\/"}}]}},"_links":{"self":[{"href":"https:\/\/paricifrenchtranslation.com.au\/index.php\/wp-json\/wp\/v2\/pages\/17","targetHints":{"allow":["GET"]}}],"collection":[{"href":"https:\/\/paricifrenchtranslation.com.au\/index.php\/wp-json\/wp\/v2\/pages"}],"about":[{"href":"https:\/\/paricifrenchtranslation.com.au\/index.php\/wp-json\/wp\/v2\/types\/page"}],"author":[{"embeddable":true,"href":"https:\/\/paricifrenchtranslation.com.au\/index.php\/wp-json\/wp\/v2\/users\/2"}],"replies":[{"embeddable":true,"href":"https:\/\/paricifrenchtranslation.com.au\/index.php\/wp-json\/wp\/v2\/comments?post=17"}],"version-history":[{"count":27,"href":"https:\/\/paricifrenchtranslation.com.au\/index.php\/wp-json\/wp\/v2\/pages\/17\/revisions"}],"predecessor-version":[{"id":419,"href":"https:\/\/paricifrenchtranslation.com.au\/index.php\/wp-json\/wp\/v2\/pages\/17\/revisions\/419"}],"wp:attachment":[{"href":"https:\/\/paricifrenchtranslation.com.au\/index.php\/wp-json\/wp\/v2\/media?parent=17"}],"curies":[{"name":"wp","href":"https:\/\/api.w.org\/{rel}","templated":true}]}}